 prime factors of 2384.
2, 149
List the prime factors of 12582.
2, 3, 233
List the prime factors of 7828.
2, 19, 103
What are the prime factors of 10100?
2, 5, 101
What are the prime factors of 268?
2, 67
What are the prime factors of 3625?
5, 29
What are the prime factors of 8911?
7, 19, 67
What are the prime factors of 102923?
19, 5417
List the prime factors of 21889.
7, 53, 59
List the prime factors of 2012.
2, 503
List the prime factors of 70496.
2, 2203
What are the prime factors of 1147?
31, 37
What are the prime factors of 1812?
2, 3, 151
What are the prime factors of 26773?
41, 653
List the prime factors of 1782.
2, 3, 11
List the prime factors of 4063.
17, 239
What are the prime factors of 1361?
1361
List the prime factors of 592.
2, 37
What are the prime factors of 11934?
2, 3, 13, 17
List the prime factors of 17353.
7, 37, 67
What are the prime factors of 502?
2, 251
List the prime factors of 3444.
2, 3, 7, 41
List the prime factors of 4731.
3, 19, 83
What are the prime factors of 43026?
2, 3, 71, 101
What are the prime factors of 108?
2, 3
What are the prime factors of 90614?
2, 45307
List the prime factors of 711.
3, 79
What are the prime factors of 749?
7, 107
List the prime factors of 60851.
7, 8693
What are the prime factors of 20255?
5, 4051
What are the prime factors of 30461?
83, 367
List the prime factors of 259.
7, 37
List the prime factors of 1756.
2, 439
What are the prime factors of 99055?
5, 11, 1801
What are the prime factors of 59913?
3, 7, 317
List the prime factors of 14868.
2, 3, 7, 59
What are the prime factors of 4070?
2, 5, 11, 37
What are the prime factors of 95446?
2, 13, 3671
What are the prime factors of 1387?
19, 73
List the prime factors of 2723.
7, 389
What are the prime factors of 69018?
2, 3, 11503
List the prime factors of 11591.
67, 173
What are the prime factors of 5083?
13, 17, 23
What are the prime factors of 122560?
2, 5, 383
List the prime factors of 5219.
17, 307
What are the prime factors of 46160?
2, 5, 577
List the prime factors of 5772.
2, 3, 13, 37
List the prime factors of 10383.
3, 3461
What are the prime factors of 446?
2, 223
List the prime factors of 24101.
7, 11, 313
What are the prime factors of 35709?
3, 11903
List the prime factors of 469.
7, 67
List the prime factors of 2569.
7, 367
List the prime factors of 865.
5, 173
List the prime factors of 4473.
3, 7, 71
List the prime factors of 1269.
3, 47
What are the prime factors of 26745?
3, 5, 1783
List the prime factors of 4863.
3, 1621
List the prime factors of 24268.
2, 6067
What are the prime factors of 21389?
73, 293
What are the prime factors of 30443?
7, 4349
List the prime factors of 2720.
2, 5, 17
What are the prime factors of 8028?
2, 3, 223
List the prime factors of 6791.
6791
List the prime factors of 203.
7, 29
What are the prime factors of 95?
5, 19
List the prime factors of 34503.
3, 7, 31, 53
What are the prime factors of 4287?
3, 1429
What are the prime factors of 2731?
2731
What are the prime factors of 714?
2, 3, 7, 17
What are the prime factors of 18301?
18301
What are the prime factors of 903?
3, 7, 43
What are the prime factors of 89?
89
List the prime factors of 6591.
3, 13
List the prime factors of 960.
2, 3, 5
What are the prime factors of 16314?
2, 3, 2719
What are the prime factors of 1001?
7, 11, 13
What are the prime factors of 789?
3, 263
What are the prime factors of 1925?
5, 7, 11
What are the prime factors of 102?
2, 3, 17
What are the prime factors of 7298?
2, 41, 89
What are the prime factors of 14437?
14437
What are the prime factors of 12290?
2, 5, 1229
What are the prime factors of 662?
2, 331
What are the prime factors of 8104?
2, 1013
List the prime factors of 16082.
2, 11, 17, 43
List the prime factors of 420.
2, 3, 5, 7
List the prime factors of 4884.
2, 3, 11, 37
What are the prime factors of 24177?
3, 8059
What are the prime factors of 7066?
2, 3533
What are the prime factors of 3391?
3391
What are the prime factors of 2332?
2, 11, 53
What are the prime factors of 4344?
2, 3, 181
List the prime factors of 1246.
2, 7, 89
List the prime factors of 234.
2, 3, 13
What are the prime factors of 13639?
23, 593
List the prime factors of 917.
7, 131
List the prime factors of 17020.
2, 5, 23, 37
List the prime factors of 46804.
2, 11701
What are the prime factors of 478?
2, 239
List the prime factors of 5931.
3, 659
What are the prime factors of 765?
3, 5, 17
List the prime factors of 380.
2, 5, 19
What are the prime factors of 3366?
2, 3, 11, 17
What are the prime factors of 772?
2, 193
List the prime factors of 33940.
2, 5, 1697
List the prime factors of 7391.
19, 389
List the prime factors of 22535.
5, 4507
List the prime factors of 18776.
2, 2347
What are the prime factors of 1651?
13, 127
List the prime factors of 6239.
17, 367
List the prime factors of 1345.
5, 269
List the prime factors of 1031.
1031
List the prime factors of 4633.
41, 113
What are the prime factors of 9635?
5, 41, 47
List the prime factors of 3349.
17, 197
List the prime factors of 18215.
5, 3643
List the prime factors of 6315.
3, 5, 421
What are the prime factors of 4165?
5, 7, 17
What are the prime factors of 1906?
2, 953
List the prime factors of 217.
7, 31
What are the prime factors of 46759?
19, 23, 107
What are the prime factors of 21179?
21179
List the prime factors of 6143.
6143
List the prime factors of 24357.
3, 23, 353
List the prime factors of 43446.
2, 3, 13, 557
List the prime factors of 13840.
2, 5, 173
List the prime factors of 14477.
31, 467
List the prime factors of 83048.
2, 7, 1483
List the prime factors of 533.
13, 41
What are the prime factors of 32637?
3, 11, 23, 43
List the prime factors of 3017.
7, 431
List the prime factors of 3892.
2, 7, 139
List the prime factors of 20248.
2, 2531
List the prime factors of 833.
7, 17
What are the prime factors of 162880?
2, 5, 509
List the prime factors of 17355.
3, 5, 13, 89
List the prime factors of 266.
2, 7, 19
List the prime factors of 903.
3, 7, 43
What are the prime factors of 128136?
2, 3, 19, 281
List the prime factors of 8159.
41, 199
What are the prime factors of 3078?
2, 3, 19
What are the prime factors of 3173?
19, 167
List the prime factors of 6282.
2, 3, 349
List the prime factors of 324.
2, 3
What are the prime factors of 8253?
3, 7, 131
List the prime factors of 1826.
2, 11, 83
What are the prime factors of 1783?
1783
List the prime factors of 6331.
13, 487
List the prime factors of 21593.
11, 13, 151
What are the prime factors of 20360?
2, 5, 509
List the prime factors of 1576.
2, 197
List the prime factors of 6622.
2, 7, 11, 43
What are the prime factors of 39376?
2, 23, 107
What are the prime factors of 1157?
13, 89
What are the prime factors of 7971?
3, 2657
What are the prime factors of 67?
67
What are the prime factors of 69888?
2, 3, 7, 13
List the prime factors of 5774.
2, 2887
What are the prime factors of 1354?
2, 677
What are the prime factors of 1217?
1217
What are the prime factors of 742?
2, 7, 53
What are the prime factors of 11386?
2, 5693
What are the prime factors of 2502?
2, 3, 139
List the prime factors of 1896.
2, 3, 79
What are the prime factors of 3002?
2, 19, 79
List the prime factors of 7575.
3, 5, 101
What are the prime factors of 2332?
2, 11, 53
List the prime factors of 76385.
5, 15277
What are the prime factors of 732?
2, 3, 61
What are the prime factors of 12323?
12323
List the prime factors of 2583.
3, 7, 41
What are the prime factors of 838?
2, 419
What are the prime factors of 917?
7, 131
What are the prime factors of 10577?
7, 1511
List the prime factors of 7830.
2, 3, 5, 29
List the prime factors of 15269.
15269
What are the prime factors of 25448?
2, 3181
What are the prime factors of 8830?
2, 5, 883
What are the prime factors of 19974?
2, 3, 3329
What are the prime factors of 91077?
3, 7, 4337
What are the prime factors of 1448?
2, 181
What are the prime factors of 136?
2, 17
What are the prime factors of 4132?
2, 1033
What are the prime factors of 1830?
2, 3, 5, 61
List the prime factors of 38705.
5, 7741
What are the prime factors of 2269?
2269
List the prime factors of 31233.
3, 29, 359
What are the prime factors of 1283?
1283
What are the prime factors of 586?
2, 293
What are the prime factors of 1232?
